ctor of 14 and 112?
14
Calculate the highest common divisor of 4434 and 6.
6
What is the highest common divisor of 9 and 27?
9
What is the highest common factor of 2183 and 37?
37
What is the highest common divisor of 1485 and 675?
135
Calculate the greatest common divisor of 596 and 745.
149
What is the highest common factor of 104 and 1136?
8
What is the highest common factor of 40928 and 32?
32
Calculate the greatest common factor of 363 and 264.
33
Calculate the highest common factor of 5187 and 364.
91
What is the greatest common divisor of 7 and 51?
1
Calculate the highest common divisor of 918 and 162.
54
What is the greatest common factor of 225 and 1275?
75
Calculate the highest common factor of 7 and 399.
7
Calculate the greatest common divisor of 3243 and 391.
23
Calculate the highest common factor of 70 and 20.
10
What is the greatest common factor of 144 and 48?
48
What is the highest common divisor of 34 and 1445?
17
What is the greatest common factor of 395 and 474?
79
What is the greatest common factor of 35 and 15?
5
What is the greatest common divisor of 40 and 7260?
20
Calculate the greatest common divisor of 2479 and 402.
67
Calculate the highest common divisor of 19 and 38.
19
What is the highest common factor of 385 and 55?
55
Calculate the greatest common factor of 819 and 117.
117
What is the highest common factor of 1923 and 6?
3
What is the highest common factor of 1147 and 259?
37
What is the highest common factor of 9 and 279?
9
What is the highest common divisor of 3514 and 154?
14
What is the greatest common divisor of 58 and 725?
29
Calculate the greatest common divisor of 75 and 8355.
15
Calculate the highest common factor of 6 and 32.
2
What is the greatest common divisor of 53 and 2809?
53
Calculate the greatest common factor of 4635 and 180.
45
Calculate the greatest common divisor of 98 and 28.
14
Calculate the highest common divisor of 921 and 12.
3
What is the greatest common factor of 1603 and 7?
7
Calculate the highest common factor of 20 and 5720.
20
Calculate the highest common factor of 525 and 20370.
105
What is the greatest common factor of 49 and 392?
49
What is the highest common divisor of 48 and 32?
16
What is the highest common divisor of 120 and 408?
24
What is the highest common factor of 69 and 18?
3
What is the highest common factor of 12 and 3378?
6
What is the greatest common factor of 1740 and 12?
12
Calculate the highest common factor of 6 and 663.
3
What is the greatest common factor of 312 and 4017?
39
Calculate the highest common factor of 324 and 72.
36
Calculate the highest common factor of 51 and 4947.
51
Calculate the greatest common divisor of 2290 and 30.
10
What is the highest common factor of 2994 and 6?
6
What is the highest common factor of 637 and 26?
13
Calculate the greatest common factor of 279 and 9.
9
Calculate the highest common factor of 228 and 48.
12
Calculate the highest common factor of 18573 and 151.
151
What is the highest common divisor of 6690 and 180?
30
What is the greatest common factor of 48 and 900?
12
What is the highest common divisor of 30 and 105?
15
Calculate the greatest common factor of 69 and 27.
3
Calculate the highest common factor of 15 and 85.
5
What is the greatest common divisor of 39 and 1274?
13
Calculate the highest common divisor of 37 and 1406.
37
Calculate the highest common factor of 2730 and 3990.
210
Calculate the highest common factor of 32 and 63136.
32
Calculate the greatest common divisor of 41 and 6437.
41
Calculate the greatest common divisor of 107011 and 113.
113
Calculate the highest common divisor of 56 and 3368.
8
What is the greatest common divisor of 333 and 63?
9
What is the greatest common divisor of 25 and 20?
5
What is the greatest common factor of 344 and 86?
86
What is the greatest common factor of 432 and 24?
24
Calculate the greatest common factor of 195 and 120.
15
Calculate the highest common divisor of 23820 and 20.
20
What is the greatest common divisor of 832 and 128?
64
What is the highest common factor of 32 and 2?
2
What is the highest common factor of 254 and 6?
2
Calculate the highest common factor of 3950 and 1422.
158
What is the highest common factor of 105 and 15?
15
What is the greatest common divisor of 2214 and 820?
82
Calculate the greatest common divisor of 102 and 30.
6
What is the highest common factor of 396 and 99?
99
What is the greatest common factor of 6 and 2?
2
What is the highest common factor of 51 and 6681?
51
What is the greatest common factor of 32 and 176?
16
Calculate the greatest common divisor of 6 and 168.
6
Calculate the greatest common divisor of 261 and 44370.
261
What is the greatest common factor of 6 and 64?
2
Calculate the greatest common factor of 1825 and 73.
73
What is the highest common divisor of 17 and 85?
17
Calculate the highest common divisor of 31 and 1333.
31
What is the highest common factor of 77 and 4634?
7
Calculate the greatest common factor of 80 and 109520.
80
What is the greatest common divisor of 40 and 5240?
40
What is the greatest common divisor of 117 and 63?
9
What is the highest common divisor of 55 and 13255?
55
What is the highest common factor of 66 and 36?
6
What is the greatest common factor of 32 and 208?
16
Calculate the highest common factor of 195 and 60.
15
Calculate the highest common factor of 4235 and 105.
35
Calculate the highest common factor of 56 and 88.
8
What is the highest common factor of 57 and 13851?
57
What is the highest common divisor of 2562 and 122?
122
What is the greatest common divisor of 2886 and 52?
26
Calculate the highest common factor of 23 and 115.
23
What is the greatest common divisor of 21 and 1014?
3
Calculate the greatest common divisor of 86 and 2.
2
Calculate the greatest common factor of 580 and 812.
116
What is the highest common divisor of 54 and 114?
6
Calculate the highest common factor of 2 and 8.
2
Calculate the greatest common divisor of 11756 and 4.
4
What is the highest common divisor of 4612 and 1?
1
Calculate the greatest common factor of 122 and 854.
122
Calculate the greatest common factor of 1503 and 72.
9
What is the highest common factor of 585 and 65?
65
Calculate the highest common divisor of 4 and 28.
4
Calculate the highest common factor of 165 and 45.
15
Calculate the highest common divisor of 767 and 236.
59
What is the greatest common factor of 221 and 85?
17
Calculate the greatest common divisor of 2847 and 39.
39
What is the greatest common factor of 152 and 114?
38
What is the highest common divisor of 40 and 1940?
20
Calculate the greatest common factor of 816 and 96.
48
What is the highest common divisor of 9016 and 32?
8
Calculate the highest common divisor of 1812 and 12.
12
What is the highest common divisor of 361 and 19?
19
Calculate the greatest common divisor of 64 and 24.
8
Calculate the greatest common divisor of 48 and 108.
12
Calculate the highest common divisor of 161 and 276.
23
Calculate the greatest common divisor of 18 and 756.
18
What is the greatest common factor of 1100 and 100?
100
Calculate the greatest common factor of 392 and 56.
56
What is the greatest common factor of 1413 and 157?
157
What is the highest common factor of 141 and 94?
47
Calculate the greatest common divisor of 145 and 58.
29
What is the greatest common factor of 255 and 153?
51
What is the greatest common divisor of 13998 and 6?
6
Calculate the greatest common factor of 180 and 150.
30
Calculate the highest common factor of 128 and 248.
8
What is the greatest common divisor of 80 and 256?
16
Calculate the highest common divisor of 203 and 58.
29
Calculate the highest common divisor of 1519 and 147.
49
What is the greatest common factor of 4 and 428?
4
Calculate the highest common factor of 18 and 288.
18
Calculate the greatest common factor of 63 and 1.
1
What is the highest common factor of 16 and 200?
8
Calculate the greatest common divisor of 1225 and 140.
35
Calculate the highest common factor of 494 and 2432.
38
What is the highest common factor of 378 and 36?
18
What is the highest common divisor of 417 and 6?
3
Calculate the greatest common divisor of 2 and 178.
2
What is the greatest common divisor of 1308 and 18?
6
Calculate the highest common factor of 459 and 158